{"id":318,"date":"2013-10-24T12:26:54","date_gmt":"2013-10-24T11:26:54","guid":{"rendered":"http:\/\/rroms.bassinminier62.org\/site\/?page_id=318"},"modified":"2013-11-13T20:29:01","modified_gmt":"2013-11-13T19:29:01","slug":"les-conteurs-de-cultures-plurielles-dans-les-ecoles","status":"publish","type":"page","link":"https:\/\/rroms.bassinminier62.org\/site\/le-festival\/les-conteurs-de-cultures-plurielles-dans-les-ecoles\/","title":{"rendered":"Les conteurs de Cultures Plurielles dans les \u00e9coles"},"content":{"rendered":"<p><a href=\"http:\/\/rroms.bassinminier62.org\/site\/wp-content\/uploads\/2013\/09\/site-rom.png\"><img loading=\"lazy\" decoding=\"async\" class=\"aligncenter size-medium wp-image-228\" alt=\"site rom\" src=\"http:\/\/rroms.bassinminier62.org\/site\/wp-content\/uploads\/2013\/09\/site-rom-300x30.png\" width=\"300\" height=\"30\" srcset=\"https:\/\/rroms.bassinminier62.org\/site\/wp-content\/uploads\/2013\/09\/site-rom-300x30.png 300w, https:\/\/rroms.bassinminier62.org\/site\/wp-content\/uploads\/2013\/09\/site-rom.png 383w\" sizes=\"auto, (max-width: 300px) 100vw, 300px\" \/><\/a><\/p>\n<p>&nbsp;<\/p>\n<p>&nbsp;<\/p>\n<p>Jeudi 17 octobre, deux conteurs de <strong>CULTURES PLURIELLES<\/strong> ont \u00e9t\u00e9 re\u00e7us \u00e0 l\u2019\u00e9cole Berthelot de Li\u00e9vin pour dire aux enfants de l\u2019\u00e9cole des contes tziganes.<\/p>\n<p><img loading=\"lazy\" decoding=\"async\" class=\"size-medium wp-image-324 alignleft\" alt=\"Ecole Berthelot 9\" src=\"http:\/\/rroms.bassinminier62.org\/site\/wp-content\/uploads\/2013\/10\/Ecole-Berthelot-9-300x225.jpg\" width=\"300\" height=\"225\" srcset=\"https:\/\/rroms.bassinminier62.org\/site\/wp-content\/uploads\/2013\/10\/Ecole-Berthelot-9-300x225.jpg 300w, https:\/\/rroms.bassinminier62.org\/site\/wp-content\/uploads\/2013\/10\/Ecole-Berthelot-9-1024x768.jpg 1024w\" sizes=\"auto, (max-width: 300px) 100vw, 300px\" \/><\/p>\n<p>&nbsp;<\/p>\n<p>&nbsp;<\/p>\n<p>Le festival d\u2019amiti\u00e9 franco-rrom a d\u00e9but\u00e9 aupr\u00e8s des petits \u00e9l\u00e8ves qui ont \u00e9t\u00e9 attentifs aux histoires\u00a0:<\/p>\n<p>&nbsp;<\/p>\n<p>&nbsp;<\/p>\n<p><a href=\"http:\/\/rroms.bassinminier62.org\/site\/wp-content\/uploads\/2013\/10\/Ecole-Berthelot-6.jpg\"><img loading=\"lazy\" decoding=\"async\" class=\"size-medium wp-image-323 alignleft\" alt=\"Ecole Berthelot 6\" src=\"http:\/\/rroms.bassinminier62.org\/site\/wp-content\/uploads\/2013\/10\/Ecole-Berthelot-6-300x225.jpg\" width=\"300\" height=\"225\" srcset=\"https:\/\/rroms.bassinminier62.org\/site\/wp-content\/uploads\/2013\/10\/Ecole-Berthelot-6-300x225.jpg 300w, https:\/\/rroms.bassinminier62.org\/site\/wp-content\/uploads\/2013\/10\/Ecole-Berthelot-6-1024x768.jpg 1024w\" sizes=\"auto, (max-width: 300px) 100vw, 300px\" \/><\/a><\/p>\n<p>&nbsp;<\/p>\n<p>\u00ab <em>&#8211;\u00a0Tu la crois mon histoire ?-\u00a0Nooooooooooooon ! \u00a0 \u00a0 \u00a0 \u00a0 \u00a0 \u00a0 \u00a0 \u00a0 \u00a0 \u00a0 \u00a0 \u00a0 \u00a0 \u00a0 \u00a0 \u00a0 \u00a0 \u00a0 \u00a0 \u00a0 \u00a0 \u00a0&#8211; Et toi\u00a0? \u00a0 \u00a0 \u00a0 \u00a0 \u00a0 \u00a0 \u00a0 \u00a0 \u00a0 \u00a0 \u00a0 \u00a0 \u00a0 \u00a0 \u00a0 \u00a0 \u00a0 \u00a0 \u00a0 \u00a0 \u00a0 \u00a0 \u00a0 \u00a0 \u00a0 \u00a0 \u00a0 \u00a0 \u00a0 \u00a0 \u00a0&#8211; Ouiiiiiiiiiiiiiiiiii\u00a0! \u00a0 \u00a0 \u00a0 \u00a0 \u00a0 \u00a0 \u00a0 \u00a0 \u00a0 \u00a0 \u00a0 \u00a0 \u00a0 \u00a0 \u00a0 \u00a0 \u00a0 \u00a0 \u00a0 \u00a0 \u00a0 \u00a0 \u00a0 \u00a0\u00a0&#8211; Tu la crois, tu la crois pas,c\u2019est \u00a0 \u00a0 \u00a0 \u00a0 \u00a0 \u00a0 \u00a0 \u00a0 \u00a0 \u00a0 \u00a0 \u00a0 \u00a0 comme tu voudras ! \u00a0 \u00a0 \u00a0 \u00a0 \u00a0 \u00a0 \u00a0 \u00a0 \u00a0 \u00a0 \u00a0 \u00a0 \u00a0 \u00a0 \u00a0 \u00a0 \u00a0 \u00a0\u00a0&#8211; Pour moi c\u2019est comme \u00e7a que\u00a0\u00e7a s\u2019est \u00a0 \u00a0 \u00a0 \u00a0 \u00a0 \u00a0pass\u00e9\u00a0!<\/em>\u00a0\u00bb<\/p>\n<p>&nbsp;<\/p>\n<p><a href=\"http:\/\/rroms.bassinminier62.org\/site\/wp-content\/uploads\/2013\/09\/siterom3.png\"><img loading=\"lazy\" decoding=\"async\" class=\"aligncenter size-medium wp-image-230\" alt=\"siterom3\" src=\"http:\/\/rroms.bassinminier62.org\/site\/wp-content\/uploads\/2013\/09\/siterom3-300x30.png\" width=\"300\" height=\"30\" srcset=\"https:\/\/rroms.bassinminier62.org\/site\/wp-content\/uploads\/2013\/09\/siterom3-300x30.png 300w, https:\/\/rroms.bassinminier62.org\/site\/wp-content\/uploads\/2013\/09\/siterom3.png 383w\" sizes=\"auto, (max-width: 300px) 100vw, 300px\" \/><\/a><\/p>\n<p>&nbsp;<\/p>\n","protected":false},"excerpt":{"rendered":"<p>&nbsp; &nbsp; Jeudi 17 octobre, deux conteurs de CULTURES PLURIELLES ont \u00e9t\u00e9 re\u00e7us \u00e0 l\u2019\u00e9cole Berthelot de Li\u00e9vin pour dire aux enfants de l\u2019\u00e9cole des contes tziganes. &nbsp; &nbsp; Le festival d\u2019amiti\u00e9 franco-rrom a d\u00e9but\u00e9 aupr\u00e8s des petits \u00e9l\u00e8ves qui &hellip; <a href=\"https:\/\/rroms.bassinminier62.org\/site\/le-festival\/les-conteurs-de-cultures-plurielles-dans-les-ecoles\/\">Continuer la lecture <span class=\"meta-nav\">&rarr;<\/span><\/a><\/p>\n","protected":false},"author":2,"featured_media":0,"parent":178,"menu_order":100,"comment_status":"closed","ping_status":"open","template":"","meta":{"ngg_post_thumbnail":0,"footnotes":""},"class_list":["post-318","page","type-page","status-publish","hentry"],"_links":{"self":[{"href":"https:\/\/rroms.bassinminier62.org\/site\/wp-json\/wp\/v2\/pages\/318","targetHints":{"allow":["GET"]}}],"collection":[{"href":"https:\/\/rroms.bassinminier62.org\/site\/wp-json\/wp\/v2\/pages"}],"about":[{"href":"https:\/\/rroms.bassinminier62.org\/site\/wp-json\/wp\/v2\/types\/page"}],"author":[{"embeddable":true,"href":"https:\/\/rroms.bassinminier62.org\/site\/wp-json\/wp\/v2\/users\/2"}],"replies":[{"embeddable":true,"href":"https:\/\/rroms.bassinminier62.org\/site\/wp-json\/wp\/v2\/comments?post=318"}],"version-history":[{"count":12,"href":"https:\/\/rroms.bassinminier62.org\/site\/wp-json\/wp\/v2\/pages\/318\/revisions"}],"predecessor-version":[{"id":335,"href":"https:\/\/rroms.bassinminier62.org\/site\/wp-json\/wp\/v2\/pages\/318\/revisions\/335"}],"up":[{"embeddable":true,"href":"https:\/\/rroms.bassinminier62.org\/site\/wp-json\/wp\/v2\/pages\/178"}],"wp:attachment":[{"href":"https:\/\/rroms.bassinminier62.org\/site\/wp-json\/wp\/v2\/media?parent=318"}],"curies":[{"name":"wp","href":"https:\/\/api.w.org\/{rel}","templated":true}]}}

Les conteurs de Cultures Plurielles dans les écoles

<p><a href="http://rroms.bassinminier62.org/site/wp-content/uploads/2013/09/site-rom.png"><img loading="lazy" decoding="async" class="aligncenter size-medium wp-image-228" alt="site rom" src="http://rroms.bassinminier62.org/site/wp-content/uploads/2013/09/site-rom-300x30.png" width="300" height="30" srcset="https://rroms.bassinminier62.org/site/wp-content/uploads/2013/09/site-rom-300x30.png 300w, https://rroms.bassinminier62.org/site/wp-content/uploads/2013/09/site-rom.png 383w" sizes="auto, (max-width: 300px) 100vw, 300px" /></a></p>
<p>&nbsp;</p>
<p>&nbsp;</p>
<p>Jeudi 17 octobre, deux conteurs de <strong>CULTURES PLURIELLES</strong> ont été reçus à l’école Berthelot de Liévin pour dire aux enfants de l’école des contes tziganes.</p>
<p><img loading="lazy" decoding="async" class="size-medium wp-image-324 alignleft" alt="Ecole Berthelot 9" src="http://rroms.bassinminier62.org/site/wp-content/uploads/2013/10/Ecole-Berthelot-9-300x225.jpg" width="300" height="225" srcset="https://rroms.bassinminier62.org/site/wp-content/uploads/2013/10/Ecole-Berthelot-9-300x225.jpg 300w, https://rroms.bassinminier62.org/site/wp-content/uploads/2013/10/Ecole-Berthelot-9-1024x768.jpg 1024w" sizes="auto, (max-width: 300px) 100vw, 300px" /></p>
<p>&nbsp;</p>
<p>&nbsp;</p>
<p>Le festival d’amitié franco-rrom a débuté auprès des petits élèves qui ont été attentifs aux histoires :</p>
<p>&nbsp;</p>
<p>&nbsp;</p>
<p><a href="http://rroms.bassinminier62.org/site/wp-content/uploads/2013/10/Ecole-Berthelot-6.jpg"><img loading="lazy" decoding="async" class="size-medium wp-image-323 alignleft" alt="Ecole Berthelot 6" src="http://rroms.bassinminier62.org/site/wp-content/uploads/2013/10/Ecole-Berthelot-6-300x225.jpg" width="300" height="225" srcset="https://rroms.bassinminier62.org/site/wp-content/uploads/2013/10/Ecole-Berthelot-6-300x225.jpg 300w, https://rroms.bassinminier62.org/site/wp-content/uploads/2013/10/Ecole-Berthelot-6-1024x768.jpg 1024w" sizes="auto, (max-width: 300px) 100vw, 300px" /></a></p>
<p>&nbsp;</p>
<p>« <em>&#8211; Tu la crois mon histoire ?- Nooooooooooooon !                                            &#8211; Et toi ?                                                              &#8211; Ouiiiiiiiiiiiiiiiiii !                                                 &#8211; Tu la crois, tu la crois pas,c’est                           comme tu voudras !                                     &#8211; Pour moi c’est comme ça que ça s’est            passé !</em> »</p>
<p>&nbsp;</p>
<p><a href="http://rroms.bassinminier62.org/site/wp-content/uploads/2013/09/siterom3.png"><img loading="lazy" decoding="async" class="aligncenter size-medium wp-image-230" alt="siterom3" src="http://rroms.bassinminier62.org/site/wp-content/uploads/2013/09/siterom3-300x30.png" width="300" height="30" srcset="https://rroms.bassinminier62.org/site/wp-content/uploads/2013/09/siterom3-300x30.png 300w, https://rroms.bassinminier62.org/site/wp-content/uploads/2013/09/siterom3.png 383w" sizes="auto, (max-width: 300px) 100vw, 300px" /></a></p>
<p>&nbsp;</p>

<p>&nbsp; &nbsp; Jeudi 17 octobre, deux conteurs de CULTURES PLURIELLES ont été reçus à l’école Berthelot de Liévin pour dire aux enfants de l’école des contes tziganes. &nbsp; &nbsp; Le festival d’amitié franco-rrom a débuté auprès des petits élèves qui &hellip; <a href="https://rroms.bassinminier62.org/site/le-festival/les-conteurs-de-cultures-plurielles-dans-les-ecoles/">Continuer la lecture <span class="meta-nav">&rarr;</span></a></p>
