{"id":339,"date":"2013-10-24T13:50:15","date_gmt":"2013-10-24T12:50:15","guid":{"rendered":"http:\/\/rroms.bassinminier62.org\/site\/?page_id=339"},"modified":"2013-11-14T21:36:32","modified_gmt":"2013-11-14T20:36:32","slug":"le-mardi-5-novembre","status":"publish","type":"page","link":"https:\/\/rroms.bassinminier62.org\/site\/le-festival\/le-mardi-5-novembre\/","title":{"rendered":"Le Mardi 5 Novembre"},"content":{"rendered":"<p><a href=\"http:\/\/rroms.bassinminier62.org\/site\/wp-content\/uploads\/2013\/09\/siterom3.png\"><img loading=\"lazy\" decoding=\"async\" class=\"aligncenter size-medium wp-image-230\" alt=\"siterom3\" src=\"http:\/\/rroms.bassinminier62.org\/site\/wp-content\/uploads\/2013\/09\/siterom3-300x30.png\" width=\"300\" height=\"30\" srcset=\"https:\/\/rroms.bassinminier62.org\/site\/wp-content\/uploads\/2013\/09\/siterom3-300x30.png 300w, https:\/\/rroms.bassinminier62.org\/site\/wp-content\/uploads\/2013\/09\/siterom3.png 383w\" sizes=\"auto, (max-width: 300px) 100vw, 300px\" \/><\/a>\u00a0 Dans la<strong> salle des f\u00eates de Grenay<\/strong>, les \u00e9coles de la ville seront accueillies pour\u00a0 participer aux ateliers de l&rsquo;espace ludique .<\/p>\n<p><a href=\"http:\/\/rroms.bassinminier62.org\/site\/wp-content\/uploads\/2013\/10\/P1050411.jpg\"><img loading=\"lazy\" decoding=\"async\" class=\"aligncenter size-medium wp-image-436\" alt=\"P1050411\" src=\"http:\/\/rroms.bassinminier62.org\/site\/wp-content\/uploads\/2013\/10\/P1050411-300x225.jpg\" width=\"300\" height=\"225\" srcset=\"https:\/\/rroms.bassinminier62.org\/site\/wp-content\/uploads\/2013\/10\/P1050411-300x225.jpg 300w, https:\/\/rroms.bassinminier62.org\/site\/wp-content\/uploads\/2013\/10\/P1050411-1024x768.jpg 1024w\" sizes=\"auto, (max-width: 300px) 100vw, 300px\" \/><\/a><\/p>\n<div id=\"attachment_438\" style=\"width: 310px\" class=\"wp-caption aligncenter\"><a href=\"http:\/\/rroms.bassinminier62.org\/site\/wp-content\/uploads\/2013\/10\/P1050434.jpg\"><img loading=\"lazy\" decoding=\"async\" aria-describedby=\"caption-attachment-438\" class=\"size-medium wp-image-438\" alt=\"Un autre atelier\" src=\"http:\/\/rroms.bassinminier62.org\/site\/wp-content\/uploads\/2013\/10\/P1050434-300x225.jpg\" width=\"300\" height=\"225\" srcset=\"https:\/\/rroms.bassinminier62.org\/site\/wp-content\/uploads\/2013\/10\/P1050434-300x225.jpg 300w, https:\/\/rroms.bassinminier62.org\/site\/wp-content\/uploads\/2013\/10\/P1050434-1024x768.jpg 1024w\" sizes=\"auto, (max-width: 300px) 100vw, 300px\" \/><\/a><p id=\"caption-attachment-438\" class=\"wp-caption-text\">Un autre atelier<\/p><\/div>\n<p><a href=\"http:\/\/rroms.bassinminier62.org\/site\/wp-content\/uploads\/2013\/09\/siterom3.png\"><img loading=\"lazy\" decoding=\"async\" class=\"aligncenter size-medium wp-image-230\" alt=\"siterom3\" src=\"http:\/\/rroms.bassinminier62.org\/site\/wp-content\/uploads\/2013\/09\/siterom3-300x30.png\" width=\"300\" height=\"30\" srcset=\"https:\/\/rroms.bassinminier62.org\/site\/wp-content\/uploads\/2013\/09\/siterom3-300x30.png 300w, https:\/\/rroms.bassinminier62.org\/site\/wp-content\/uploads\/2013\/09\/siterom3.png 383w\" sizes=\"auto, (max-width: 300px) 100vw, 300px\" \/><\/a><\/p>\n<p style=\"text-align: center;\">Au cin\u00e9ma <strong>Arc- en- Ciel<\/strong>\u00a0\u00e0 <strong>Li\u00e9vin<\/strong> se d\u00e9roulera une<strong> conf\u00e9rence-d\u00e9bat<\/strong> \u00e0 <strong>20heures<\/strong> avec la pr\u00e9sence de :<\/p>\n<p>&nbsp;<\/p>\n<ul>\n<li><strong>Caroline Fernolend<\/strong>, maire de Viscri, en Roumanie. (Retrouvez un aper\u00e7u de la ville <a href=\"http:\/\/fr.canoe.ca\/voyages\/nouvelles\/archives\/2010\/10\/20101018-101832.html\">ici<\/a>)<\/li>\n<li><strong>Anthony Artigas<\/strong> , anthropologue et chercheur de l&rsquo;universit\u00e9 de Louvain. (Cliquez <a href=\"http:\/\/rroms.bassinminier62.org\/site\/wp-content\/uploads\/2013\/10\/AntonyArtigas-Rhizome.pdf\">ici<\/a>\u00a0pour en savoir plus sur son travail)<\/li>\n<li><strong>P\u00e8re Arthur Hervet<\/strong>, pr\u00eatre Lillois d\u00e9fenseur des Rroms. (<a href=\"http:\/\/fr.wikipedia.org\/wiki\/Arthur_Hervet\">Ici<\/a> pour plus d&rsquo;information sur le P\u00e8re Arthur Hervet)<\/li>\n<li><strong>Daniel Boys<\/strong>, pr\u00e9sident de la Ligue de l&rsquo;enseignement.<\/li>\n<li><strong>Marcela Petrovici<\/strong> de la communaut\u00e9 Rrom install\u00e9e sur le bassin minier.<\/li>\n<\/ul>\n<p style=\"text-align: center;\"><strong>Venez d\u00e9battre avec nous!<\/strong><\/p>\n<p><a href=\"http:\/\/rroms.bassinminier62.org\/site\/wp-content\/uploads\/2013\/09\/site-rom.png\"><img loading=\"lazy\" decoding=\"async\" class=\"aligncenter size-medium wp-image-228\" alt=\"site rom\" src=\"http:\/\/rroms.bassinminier62.org\/site\/wp-content\/uploads\/2013\/09\/site-rom-300x30.png\" width=\"300\" height=\"30\" srcset=\"https:\/\/rroms.bassinminier62.org\/site\/wp-content\/uploads\/2013\/09\/site-rom-300x30.png 300w, https:\/\/rroms.bassinminier62.org\/site\/wp-content\/uploads\/2013\/09\/site-rom.png 383w\" sizes=\"auto, (max-width: 300px) 100vw, 300px\" \/><\/a><\/p>\n<p>&nbsp;<\/p>\n<div id=\"attachment_440\" style=\"width: 310px\" class=\"wp-caption aligncenter\"><a href=\"http:\/\/rroms.bassinminier62.org\/site\/wp-content\/uploads\/2013\/10\/P1050449.jpg\"><img loading=\"lazy\" decoding=\"async\" aria-describedby=\"caption-attachment-440\" class=\"size-medium wp-image-440\" alt=\"Marcela lors de la conf\u00e9rence\" src=\"http:\/\/rroms.bassinminier62.org\/site\/wp-content\/uploads\/2013\/10\/P1050449-300x225.jpg\" width=\"300\" height=\"225\" srcset=\"https:\/\/rroms.bassinminier62.org\/site\/wp-content\/uploads\/2013\/10\/P1050449-300x225.jpg 300w, https:\/\/rroms.bassinminier62.org\/site\/wp-content\/uploads\/2013\/10\/P1050449-1024x768.jpg 1024w\" sizes=\"auto, (max-width: 300px) 100vw, 300px\" \/><\/a><p id=\"caption-attachment-440\" class=\"wp-caption-text\">Marcela lors de la conf\u00e9rence<\/p><\/div>\n<div id=\"attachment_441\" style=\"width: 310px\" class=\"wp-caption aligncenter\"><a href=\"http:\/\/rroms.bassinminier62.org\/site\/wp-content\/uploads\/2013\/10\/P1050445.jpg\"><img loading=\"lazy\" decoding=\"async\" aria-describedby=\"caption-attachment-441\" class=\"size-medium wp-image-441\" alt=\"La conf\u00e9rence\" src=\"http:\/\/rroms.bassinminier62.org\/site\/wp-content\/uploads\/2013\/10\/P1050445-300x225.jpg\" width=\"300\" height=\"225\" srcset=\"https:\/\/rroms.bassinminier62.org\/site\/wp-content\/uploads\/2013\/10\/P1050445-300x225.jpg 300w, https:\/\/rroms.bassinminier62.org\/site\/wp-content\/uploads\/2013\/10\/P1050445-1024x768.jpg 1024w\" sizes=\"auto, (max-width: 300px) 100vw, 300px\" \/><\/a><p id=\"caption-attachment-441\" class=\"wp-caption-text\">La conf\u00e9rence<\/p><\/div>\n","protected":false},"excerpt":{"rendered":"<p>\u00a0 Dans la salle des f\u00eates de Grenay, les \u00e9coles de la ville seront accueillies pour\u00a0 participer aux ateliers de l&rsquo;espace ludique . Au cin\u00e9ma Arc- en- Ciel\u00a0\u00e0 Li\u00e9vin se d\u00e9roulera une conf\u00e9rence-d\u00e9bat \u00e0 20heures avec la pr\u00e9sence de : &hellip; <a href=\"https:\/\/rroms.bassinminier62.org\/site\/le-festival\/le-mardi-5-novembre\/\">Continuer la lecture <span class=\"meta-nav\">&rarr;<\/span><\/a><\/p>\n","protected":false},"author":2,"featured_media":0,"parent":178,"menu_order":200,"comment_status":"closed","ping_status":"open","template":"","meta":{"ngg_post_thumbnail":0,"footnotes":""},"class_list":["post-339","page","type-page","status-publish","hentry"],"_links":{"self":[{"href":"https:\/\/rroms.bassinminier62.org\/site\/wp-json\/wp\/v2\/pages\/339","targetHints":{"allow":["GET"]}}],"collection":[{"href":"https:\/\/rroms.bassinminier62.org\/site\/wp-json\/wp\/v2\/pages"}],"about":[{"href":"https:\/\/rroms.bassinminier62.org\/site\/wp-json\/wp\/v2\/types\/page"}],"author":[{"embeddable":true,"href":"https:\/\/rroms.bassinminier62.org\/site\/wp-json\/wp\/v2\/users\/2"}],"replies":[{"embeddable":true,"href":"https:\/\/rroms.bassinminier62.org\/site\/wp-json\/wp\/v2\/comments?post=339"}],"version-history":[{"count":9,"href":"https:\/\/rroms.bassinminier62.org\/site\/wp-json\/wp\/v2\/pages\/339\/revisions"}],"predecessor-version":[{"id":442,"href":"https:\/\/rroms.bassinminier62.org\/site\/wp-json\/wp\/v2\/pages\/339\/revisions\/442"}],"up":[{"embeddable":true,"href":"https:\/\/rroms.bassinminier62.org\/site\/wp-json\/wp\/v2\/pages\/178"}],"wp:attachment":[{"href":"https:\/\/rroms.bassinminier62.org\/site\/wp-json\/wp\/v2\/media?parent=339"}],"curies":[{"name":"wp","href":"https:\/\/api.w.org\/{rel}","templated":true}]}}