{"id":374,"date":"2013-11-07T12:11:32","date_gmt":"2013-11-07T11:11:32","guid":{"rendered":"http:\/\/rroms.bassinminier62.org\/site\/?page_id=374"},"modified":"2014-02-04T19:16:54","modified_gmt":"2014-02-04T18:16:54","slug":"informations-generales","status":"publish","type":"page","link":"https:\/\/rroms.bassinminier62.org\/site\/les-rroms\/informations-generales\/","title":{"rendered":"Informations g\u00e9n\u00e9rales"},"content":{"rendered":"<h2 style=\"text-align: center;\"><b>REVUES<\/b><\/h2>\n<h3><strong><span style=\"text-decoration: underline;\">Etudes tsiganes<\/span><\/strong> (Revue sp\u00e9cialis\u00e9e)<\/h3>\n<h3><em><cite>Num\u00e9ros consultables<a href=\"http:\/\/www.etudestsiganes.asso.fr\/nouvelleserie.html\"> en ligne<\/a> :<\/cite><\/em><cite><\/cite><\/h3>\n<p><cite>N\u00b0 1\u00a0: Tsiganes d\u2019EUROPE <\/cite><\/p>\n<p><cite>N\u00b0 2\u00a0: Urbanit\u00e9 en d\u00e9faut <\/cite><\/p>\n<p><cite>N\u00b0 11\u00a0: Urbanit\u00e9 r\u00e9concili\u00e9e\u00a0: habitat adapt\u00e9e, terrains familiaux <\/cite><cite><\/cite><\/p>\n<p><cite>N\u00b0 12\u00a0: Economie tsigane\u00a0: une \u00e9conomie solidaire, int\u00e9gr\u00e9e \u00e0 l\u2019\u00e9conomie globale<\/cite><\/p>\n<p><cite>N\u00b0 14\u00a0: Tsiganes et sant\u00e9\u00a0: de nouveaux risques <\/cite><\/p>\n<p><cite>N\u00b0 27-28\u00a0: Migrations tsiganes <\/cite><\/p>\n<p><cite>N\u00b0 33-34\u00a0: Etre femme dans le monde tsigane <\/cite><\/p>\n<p><cite>N\u00b0 38\u00a0: Roms de Roumanie\u00a0: la diversit\u00e9 m\u00e9connue<\/cite><\/p>\n<p><cite>N\u00b0 39-40\u00a0: Roms et gens du voyage\u00a0: nouvelles perspectives de recherche <\/cite><\/p>\n<p><cite>N\u00b0 46\u00a0: La question Rom en Europe aujourd\u2019hui <\/cite><\/p>\n<p><cite>N\u00b0 47\u00a0: Tsiganes et repr\u00e9sentation\u00a0<\/cite><\/p>\n<h3><strong><em><cite><span style=\"text-decoration: underline;\">D\u00e9p\u00eaches tsiganes<\/span><\/cite><\/em><\/strong><\/h3>\n<p>Consultable <a href=\"http:\/\/www.depechestsiganes.fr\/?p=8175\">ici<\/a>.<cite><\/cite><\/p>\n<p><cite>\u00ab\u00a0Les tsiganes pendant la seconde guerre mondiale\u00a0\u00bb<b><\/b><\/cite><\/p>\n<h3><cite><b><span style=\"text-decoration: underline;\">Mrap<\/span><\/b><\/cite><cite><\/cite><\/h3>\n<p><cite>Num\u00e9ro sp\u00e9cial <a href=\"http:\/\/www.mrap.fr\/contre-le-racisme-sous-toutes-ses-formes\/tsiganes-et-gens-du-voyage?searchterm=tsiganes+roms\">en ligne<\/a> consacr\u00e9 aux tsiganes, Rroms, gitans et gens du voyage.<\/cite><\/p>\n<h2 align=\"center\"><b>SITES \u00a0<\/b><b><br \/>\n<\/b><\/h2>\n<h3 style=\"text-align: left;\" align=\"center\"><b><\/b><b><span style=\"text-decoration: underline;\"><a href=\"http:\/\/www.fnasat.asso.fr\">Fnasat<\/a>\u00a0<\/span><\/b>: F\u00e9d\u00e9ration nationale des associations solidaires d&rsquo;action avec les Tsiganes et les Gens du voyage<\/h3>\n<h3><a href=\"http:\/\/www.mayvon.chez-alice.fr\">M\u00e9diath\u00e8que<\/a> sp\u00e9cialis\u00e9e tr\u00e8s fournie<\/h3>\n<h2 align=\"center\"><b>ECRITS<\/b><\/h2>\n<h3><b><span style=\"text-decoration: underline;\">Litt\u00e9rature et langues <\/span><\/b><\/h3>\n<p><cite>&#8211; <\/cite><cite>REYNIERS Alain\u00a0: \u00ab\u00a0tsigane si tu es heureux<b>\u00a0\u00bb<\/b><\/cite><cite><\/cite><\/p>\n<p><cite>&#8211; <\/cite><cite>ASSEO Henriette\u00a0: \u00ab\u00a0les tsiganes,\u00a0 une destin\u00e9e europ\u00e9enne\u00a0\u00bb\u00a0 <\/cite><\/p>\n<p><cite>&#8211; <\/cite><cite>VAUX de FOLETIER F\u00a0: \u00ab\u00a0mille ans d\u2019histoire tsiganes\u00a0\u00bb et \u00ab\u00a0 le monde des tsiganes\u00a0\u00bb<\/cite><\/p>\n<p><cite>&#8211; <\/cite><cite>LIEGEOIS Jean Pierre\u00a0: \u00ab\u00a0Roms en Europe, Conseil de l\u2019Europe\u00a0\u00bb\u00a0<\/cite><\/p>\n<p><cite>&#8211; <\/cite><cite>Publications n\u00b0 9 juin 2007 de la d\u00e9l\u00e9gation g\u00e9n\u00e9rale \u00e0 la langue fran\u00e7aise et aux langues de France sur la langue Romani\u00a0: ( PDF )<\/cite><a href=\"http:\/\/www.culture.gouv.fr\/culture\/dglf\/publications\"><br \/>\n<\/a><cite><\/cite><\/p>\n<p>&#8211; <cite>BORDOGONI Marc\u00a0: \u00ab\u00a0Gitans, tsiganes, Roms \u2026 id\u00e9es re\u00e7ues sur le\u00a0 monde du Voyage\u00a0\u00bb\u00a0<\/cite><\/p>\n<p>&#8211; Colloque <em>\u00ab\u00a0Roms, tsiganes et gens du voyage\u00a0\u00bb<\/em>\u00a0: Novembre 2011 Caen<\/p>\n<p>&#8211;\u00a0 <a href=\"http:\/\/www.canal-u.tv\/video\/la_forge_numerique\/le_spectre_des_roms_racialisation_europe_et_democratie.7851\">\u00ab<em>\u00a0Le spectre des Roms, Racialisation, Europe et D\u00e9mocratie\u00a0<\/em>\u00bb<\/a>\u00a0 \u00a0Eric FASSIN, sociologue.<\/p>\n<p><cite>&#8211;\u00a0 <\/cite><cite>\u00ab\u00a0<a href=\"http:\/\/www.unicaen.fr\/recherche\/mrsh\/forge\/5616\">L\u2019appr\u00e9hension de la population nomade dans l\u2019histoire fran\u00e7aise<\/a>\u00a0\u00bb \u00a0<\/cite><cite>MC HUBERT , historienne .<\/cite><\/p>\n<p>&#8211; <cite>\u00ab\u00a0<\/cite><em>Roms migrants en ville : <a href=\"http:\/\/www.cairn.info\/revue-geocarrefour-2011-1.htm\">Pratiques et politiques<\/a>\u00a0<\/em>\u00bb \u00a0Olivier LEGROS g\u00e9ographe<\/p>\n<h3><cite><b><span style=\"text-decoration: underline;\">Rapports<\/span><\/b><\/cite><\/h3>\n<p>&#8211; <a href=\"http:\/\/www.romeurope.org\/spip.php?article1321\"><span style=\"text-decoration: underline;\">CNDH Rom Europe<\/span><\/a> (Conseil National des Droits de l&rsquo;Homme)<\/p>\n<p><cite>\u00ab\u00a0Rapport d\u2019observatoire sur les situations\u00a0 de ressortissants europ\u00e9ens en situation de pr\u00e9carit\u00e9 en France dans la p\u00e9riode 2012\/2013\u00a0\u00bb<\/cite><\/p>\n<p><cite>\u00ab\u00a0Roms et discriminations\u00a0: du constat \u00e0 la mise en \u0153uvre de solutions concert\u00e9es\u00a0\u00bb<\/cite><\/p>\n<p><cite>\u00a0Guide pratique 2011 (<a href=\"http:\/\/rroms.bassinminier62.org\/site\/wp-content\/uploads\/2013\/11\/GUIDE_ROMEUROPE_DEF-2.pdf\">Pour le consulter, cliquez ici<\/a>)<\/cite><\/p>\n<p><span style=\"text-decoration: underline;\"><cite>&#8211; <\/cite><a href=\"www.amnesty.fr\"><cite>Amnesty international<\/cite><\/a><cite><a href=\"www.amnesty.fr\">\u00a0<\/a> <\/cite><\/span><\/p>\n<p><cite>\u00ab\u00a0Condamn\u00e9s \u00e0 l\u2019errance, les expulsions forc\u00e9s en France\u00a0\u00bb<\/cite><\/p>\n<p><cite>&#8211; <\/cite><cite>Rapport du D\u00e9fenseur des droits<\/cite><cite> (<a href=\"http:\/\/rroms.bassinminier62.org\/site\/wp-content\/uploads\/2013\/11\/Rapport-d\u00e9fenseurs-des-droits-1.pdf\">Pour le consulter, cliquez ici<\/a>)<\/cite><cite><\/cite><\/p>\n<p><cite>\u00a0<\/cite>&#8211; <cite>Inspections g\u00e9n\u00e9rales<\/cite><cite>\u00a0<\/cite><cite>\u00ab\u00a0Evaluation des dispositifs d\u2019accompagnement des personnes pr\u00e9sentes dans les campements\u00a0\u00bb\u00a0 (<a href=\"http:\/\/rroms.bassinminier62.org\/site\/wp-content\/uploads\/2013\/11\/Rapport-inspections-g\u00e9n\u00e9rales.pdf\">Pour le consulter, cliquez ici<\/a>)<\/cite><\/p>\n<h3><b><span style=\"text-decoration: underline;\">Brochures et outils p\u00e9dagogiques <\/span><\/b><\/h3>\n<p>&#8211;\u00a0 \u00ab\u00a0Ceux qu&rsquo;on appelle les Rroms, luttons contre les id\u00e9es re\u00e7ues\u00a0\u00bb CNDH<cite> (<a href=\"http:\/\/rroms.bassinminier62.org\/site\/wp-content\/uploads\/2013\/11\/20130613_guide_ceux_quon_appelle_les_roms-web-2.pdf\">Guide \u00a0\u00bb Ceux qu&rsquo;on appelle les Rroms \u00ab\u00a0<\/a>)<\/cite><\/p>\n<p>&#8211; \u00ab\u00a0<a href=\"http:\/\/www.comprendrepouragir.org\/product_info.php?products_id=233\">Roms, Gitans, Manouches, citoyens \u00e0 part enti\u00e8re<\/a>\u00a0\u00bb<\/p>\n<p>&#8211; Revue Okapi pour jeunes et \u00e9ducateurs<\/p>\n<p><cite>&#8211;\u00a0 <\/cite>\u00ab\u00a0<a href=\"http:\/\/www.comprendrepouragir.org\/product_info.php?products_id=170\">Grand jeu pour les\u00a0 droits des Roms migrants, gitans et manouches<\/a>\u00a0\u00bb<\/p>\n<p style=\"text-align: left;\" align=\"center\"><cite>&#8211; <\/cite>\u00ab\u00a0<a href=\"http:\/\/www.comprendrepouragir.org\/product_info.php?products_id=169\">Zigani Drom, sur la route des tsiganes\u00a0<\/a>\u00bb<b><span style=\"text-decoration: underline;\"><br \/>\n<\/span><\/b><\/p>\n<h2 align=\"center\"><b>POLITIQUE EUROPEENNE<\/b><\/h2>\n<p>&#8211;\u00a0 \u00ab\u00a0La situation des Roms en Europe et le r\u00f4le de l\u2019Union europ\u00e9enne\u00a0\u00bb Entretien avec Jan FIGEL <i>(<a href=\"http:\/\/rroms.bassinminier62.org\/site\/wp-content\/uploads\/2013\/11\/situation_roms_UE.pdf\">Pour le consulter, cliquez ici<\/a>)<\/i><\/p>\n<p>&#8211; \u00ab\u00a0L&rsquo;int\u00e9gration sociale et \u00e9conomique des Roms en Europe\u00a0\u00bb <a href=\"file:\/\/\/C:\/Users\/Joris\/Downloads\/EUR-Lex%20-%2052010DC0133%20-%20FR.htm\">file:\/\/\/media\/8864-31F7\/Roms\/EUR-Lex%20-%2052010DC0133%20-%20FR.htm<\/a><\/p>\n<p>&#8211; \u00ab Les strat\u00e9gies nationales d&rsquo;int\u00e9gration des Roms pour la p\u00e9riode allant jusqu&rsquo;\u00e0 2020\u00a0\u00bb<\/p>\n<p><a href=\"file:\/\/\/C:\/Users\/Joris\/Downloads\/EUR-Lex%20-%2052011DC0173%20-%20FR.htm\">file:\/\/\/media\/8864-31F7\/Roms\/EUR-Lex%20-%2052011DC0173%20-%20FR.htm<\/a><\/p>\n<p>&#8211; \u00ab\u00a0Strat\u00e9gies nationales d\u2019int\u00e9gration des Roms : un premier pas dans la mise en \u0153uvre du Cadre de l\u2019UE\u00a0\u00bb<\/p>\n<p><a href=\"file:\/\/\/C:\/Users\/Joris\/Downloads\/EUR-Lex%20-%2052012DC0226%20-%20FR.htm\">file:\/\/\/media\/8864-31F7\/Roms\/EUR-Lex%20-%2052012DC0226%20-%20FR.htm<\/a><\/p>\n<p>&nbsp;<\/p>\n<p>&nbsp;<\/p>\n","protected":false},"excerpt":{"rendered":"<p>REVUES Etudes tsiganes (Revue sp\u00e9cialis\u00e9e) Num\u00e9ros consultables en ligne : N\u00b0 1\u00a0: Tsiganes d\u2019EUROPE N\u00b0 2\u00a0: Urbanit\u00e9 en d\u00e9faut N\u00b0 11\u00a0: Urbanit\u00e9 r\u00e9concili\u00e9e\u00a0: habitat adapt\u00e9e, terrains familiaux N\u00b0 12\u00a0: Economie tsigane\u00a0: une \u00e9conomie solidaire, int\u00e9gr\u00e9e \u00e0 l\u2019\u00e9conomie globale N\u00b0 14\u00a0: &hellip; <a href=\"https:\/\/rroms.bassinminier62.org\/site\/les-rroms\/informations-generales\/\">Continuer la lecture <span class=\"meta-nav\">&rarr;<\/span><\/a><\/p>\n","protected":false},"author":2,"featured_media":0,"parent":372,"menu_order":100,"comment_status":"closed","ping_status":"open","template":"","meta":{"ngg_post_thumbnail":0,"footnotes":""},"class_list":["post-374","page","type-page","status-publish","hentry"],"_links":{"self":[{"href":"https:\/\/rroms.bassinminier62.org\/site\/wp-json\/wp\/v2\/pages\/374","targetHints":{"allow":["GET"]}}],"collection":[{"href":"https:\/\/rroms.bassinminier62.org\/site\/wp-json\/wp\/v2\/pages"}],"about":[{"href":"https:\/\/rroms.bassinminier62.org\/site\/wp-json\/wp\/v2\/types\/page"}],"author":[{"embeddable":true,"href":"https:\/\/rroms.bassinminier62.org\/site\/wp-json\/wp\/v2\/users\/2"}],"replies":[{"embeddable":true,"href":"https:\/\/rroms.bassinminier62.org\/site\/wp-json\/wp\/v2\/comments?post=374"}],"version-history":[{"count":12,"href":"https:\/\/rroms.bassinminier62.org\/site\/wp-json\/wp\/v2\/pages\/374\/revisions"}],"predecessor-version":[{"id":563,"href":"https:\/\/rroms.bassinminier62.org\/site\/wp-json\/wp\/v2\/pages\/374\/revisions\/563"}],"up":[{"embeddable":true,"href":"https:\/\/rroms.bassinminier62.org\/site\/wp-json\/wp\/v2\/pages\/372"}],"wp:attachment":[{"href":"https:\/\/rroms.bassinminier62.org\/site\/wp-json\/wp\/v2\/media?parent=374"}],"curies":[{"name":"wp","href":"https:\/\/api.w.org\/{rel}","templated":true}]}}