{"id":574,"date":"2014-02-04T20:09:05","date_gmt":"2014-02-04T19:09:05","guid":{"rendered":"http:\/\/rroms.bassinminier62.org\/site\/?page_id=574"},"modified":"2014-02-04T20:16:09","modified_gmt":"2014-02-04T19:16:09","slug":"atelier-jardinage","status":"publish","type":"page","link":"https:\/\/rroms.bassinminier62.org\/site\/nos-actions\/atelier-jardinage\/","title":{"rendered":"Atelier jardinage"},"content":{"rendered":"<p>Finies les semaines monotones pour quelques personnes amatrices de partager des\u00a0activit\u00e9s sur les jardins du R\u00e9seau des AJOnc !\u00a0Suite \u00e0 une rencontre du lundi 8 juillet entre Didier, Ren\u00e9, V\u00e9ronique, et \u00e0 notre mobilisation pour cela, Ilie, Ricardo, Arthur et Didier ont pu partager les\u00a0joies du jardinage\u00a0ensemble sur les\u00a0jardins des Bourgs du rail, le temps d\u2019une apr\u00e8s-midi, le mercredi 10 juillet.Voici les photos prises au cours de l\u2019installation en terre de plants de betteraves, de semences de graines laitues \u00e0 couper et de haricots verts :<\/p>\n<p><a href=\"http:\/\/rroms.bassinminier62.org\/site\/wp-content\/uploads\/2013\/06\/SAM_1927.jpg\"><img loading=\"lazy\" decoding=\"async\" class=\"alignleft\" alt=\"SAM_1927\" src=\"http:\/\/rroms.bassinminier62.org\/site\/wp-content\/uploads\/2013\/06\/SAM_1927-300x225.jpg\" width=\"194\" height=\"145\" \/><\/a><img loading=\"lazy\" decoding=\"async\" class=\"alignright\" alt=\"plantation\" src=\"http:\/\/rroms.bassinminier62.org\/site\/wp-content\/uploads\/2013\/06\/SAM_1907-225x300.jpg\" width=\"138\" height=\"184\" \/><img loading=\"lazy\" decoding=\"async\" class=\"alignright\" alt=\"Les framboises\" src=\"http:\/\/rroms.bassinminier62.org\/site\/wp-content\/uploads\/2013\/06\/les-framboises-300x225.jpg\" width=\"167\" height=\"125\" \/><img loading=\"lazy\" decoding=\"async\" class=\"alignright\" alt=\"D\u00e9sherbage.\" src=\"http:\/\/rroms.bassinminier62.org\/site\/wp-content\/uploads\/2013\/06\/les-carr%C3%A9s-300x225.jpg\" width=\"177\" height=\"133\" \/><img loading=\"lazy\" decoding=\"async\" class=\"alignleft\" alt=\"D\u00e9sherbage.\" src=\"http:\/\/rroms.bassinminier62.org\/site\/wp-content\/uploads\/2013\/06\/Ajoncs-23-aout-300x225.jpg\" width=\"170\" height=\"128\" \/><\/p>\n<p>&nbsp;<\/p>\n<p>&nbsp;<\/p>\n<h2><\/h2>\n","protected":false},"excerpt":{"rendered":"<p>Finies les semaines monotones pour quelques personnes amatrices de partager des\u00a0activit\u00e9s sur les jardins du R\u00e9seau des AJOnc !\u00a0Suite \u00e0 une rencontre du lundi 8 juillet entre Didier, Ren\u00e9, V\u00e9ronique, et \u00e0 notre mobilisation pour cela, Ilie, Ricardo, Arthur et &hellip; <a href=\"https:\/\/rroms.bassinminier62.org\/site\/nos-actions\/atelier-jardinage\/\">Continuer la lecture <span class=\"meta-nav\">&rarr;<\/span><\/a><\/p>\n","protected":false},"author":2,"featured_media":0,"parent":549,"menu_order":90,"comment_status":"closed","ping_status":"open","template":"","meta":{"ngg_post_thumbnail":0,"footnotes":""},"class_list":["post-574","page","type-page","status-publish","hentry"],"_links":{"self":[{"href":"https:\/\/rroms.bassinminier62.org\/site\/wp-json\/wp\/v2\/pages\/574","targetHints":{"allow":["GET"]}}],"collection":[{"href":"https:\/\/rroms.bassinminier62.org\/site\/wp-json\/wp\/v2\/pages"}],"about":[{"href":"https:\/\/rroms.bassinminier62.org\/site\/wp-json\/wp\/v2\/types\/page"}],"author":[{"embeddable":true,"href":"https:\/\/rroms.bassinminier62.org\/site\/wp-json\/wp\/v2\/users\/2"}],"replies":[{"embeddable":true,"href":"https:\/\/rroms.bassinminier62.org\/site\/wp-json\/wp\/v2\/comments?post=574"}],"version-history":[{"count":5,"href":"https:\/\/rroms.bassinminier62.org\/site\/wp-json\/wp\/v2\/pages\/574\/revisions"}],"predecessor-version":[{"id":581,"href":"https:\/\/rroms.bassinminier62.org\/site\/wp-json\/wp\/v2\/pages\/574\/revisions\/581"}],"up":[{"embeddable":true,"href":"https:\/\/rroms.bassinminier62.org\/site\/wp-json\/wp\/v2\/pages\/549"}],"wp:attachment":[{"href":"https:\/\/rroms.bassinminier62.org\/site\/wp-json\/wp\/v2\/media?parent=574"}],"curies":[{"name":"wp","href":"https:\/\/api.w.org\/{rel}","templated":true}]}}

<p>Finies les semaines monotones pour quelques personnes amatrices de partager des activités sur les jardins du Réseau des AJOnc ! Suite à une rencontre du lundi 8 juillet entre Didier, René, Véronique, et à notre mobilisation pour cela, Ilie, Ricardo, Arthur et Didier ont pu partager les joies du jardinage ensemble sur les jardins des Bourgs du rail, le temps d’une après-midi, le mercredi 10 juillet.Voici les photos prises au cours de l’installation en terre de plants de betteraves, de semences de graines laitues à couper et de haricots verts :</p>
<p><a href="http://rroms.bassinminier62.org/site/wp-content/uploads/2013/06/SAM_1927.jpg"><img loading="lazy" decoding="async" class="alignleft" alt="SAM_1927" src="http://rroms.bassinminier62.org/site/wp-content/uploads/2013/06/SAM_1927-300x225.jpg" width="194" height="145" /></a><img loading="lazy" decoding="async" class="alignright" alt="plantation" src="http://rroms.bassinminier62.org/site/wp-content/uploads/2013/06/SAM_1907-225x300.jpg" width="138" height="184" /><img loading="lazy" decoding="async" class="alignright" alt="Les framboises" src="http://rroms.bassinminier62.org/site/wp-content/uploads/2013/06/les-framboises-300x225.jpg" width="167" height="125" /><img loading="lazy" decoding="async" class="alignright" alt="Désherbage." src="http://rroms.bassinminier62.org/site/wp-content/uploads/2013/06/les-carr%C3%A9s-300x225.jpg" width="177" height="133" /><img loading="lazy" decoding="async" class="alignleft" alt="Désherbage." src="http://rroms.bassinminier62.org/site/wp-content/uploads/2013/06/Ajoncs-23-aout-300x225.jpg" width="170" height="128" /></p>
<p>&nbsp;</p>
<p>&nbsp;</p>
<h2></h2>

<p>Finies les semaines monotones pour quelques personnes amatrices de partager des activités sur les jardins du Réseau des AJOnc ! Suite à une rencontre du lundi 8 juillet entre Didier, René, Véronique, et à notre mobilisation pour cela, Ilie, Ricardo, Arthur et &hellip; <a href="https://rroms.bassinminier62.org/site/nos-actions/atelier-jardinage/">Continuer la lecture <span class="meta-nav">&rarr;</span></a></p>
