{"id":583,"date":"2014-02-04T20:53:12","date_gmt":"2014-02-04T19:53:12","guid":{"rendered":"http:\/\/rroms.bassinminier62.org\/site\/?page_id=583"},"modified":"2014-02-04T20:53:12","modified_gmt":"2014-02-04T19:53:12","slug":"noel-avec-les-rroms","status":"publish","type":"page","link":"https:\/\/rroms.bassinminier62.org\/site\/nos-actions\/noel-avec-les-rroms\/","title":{"rendered":"No\u00ebl avec les Rroms"},"content":{"rendered":"<h1 style=\"text-align: center;\"><strong>D\u00e9cembre 2011<\/strong><\/h1>\n<p>\u00c0 l&rsquo;initiative de diff\u00e9rentes organisations : le Collectif Fraternit\u00e9 Rroms, La Pastorale des Migrants, Politis 62, Enjeu, &#8230;<\/p>\n<p>Accueil pour des douches \u00e0 Avion, puis f\u00eate familiale \u00e0 M\u00e9ricourt, avec des habitants de la ville.<\/p>\n<h2 style=\"text-align: center;\">Aux douches<\/h2>\n<div style=\"width: 200px\" class=\"wp-caption alignright\"><img loading=\"lazy\" decoding=\"async\" title=\"20111227-NoelPolitis62MigrantsRroms-007.jpg \" alt=\"20111227-NoelPolitis62MigrantsRroms-007.jpg \" src=\"http:\/\/www.politis62.org\/politis62\/galeries-photos\/20111227-NoelPolitis62MigrantsRroms\/20111227-NoelPolitis62MigrantsRroms-007.jpg\" width=\"190\" height=\"143\" \/><p class=\"wp-caption-text\">enfants rroms dans les douches<\/p><\/div>\n<div style=\"width: 114px\" class=\"wp-caption alignnone\"><img loading=\"lazy\" decoding=\"async\" title=\"20111227-NoelPolitis62MigrantsRroms-041.jpg \" alt=\"20111227-NoelPolitis62MigrantsRroms-041.jpg \" src=\"http:\/\/www.politis62.org\/politis62\/galeries-photos\/20111227-NoelPolitis62MigrantsRroms\/20111227-NoelPolitis62MigrantsRroms-041.jpg\" width=\"104\" height=\"140\" \/><p class=\"wp-caption-text\">avec un chapeau, comme les grands &#8230;<\/p><\/div>\n<div style=\"width: 206px\" class=\"wp-caption alignleft\"><img loading=\"lazy\" decoding=\"async\" title=\"20111227-NoelPolitis62MigrantsRroms-018.jpg \" alt=\"20111227-NoelPolitis62MigrantsRroms-018.jpg \" src=\"http:\/\/www.politis62.org\/politis62\/galeries-photos\/20111227-NoelPolitis62MigrantsRroms\/20111227-NoelPolitis62MigrantsRroms-018.jpg\" width=\"196\" height=\"147\" \/><p class=\"wp-caption-text\">recherche de v\u00eatements chauds dans le vestiaire improvis\u00e9<\/p><\/div>\n<div style=\"width: 186px\" class=\"wp-caption alignright\"><img loading=\"lazy\" decoding=\"async\" title=\"20111227-NoelPolitis62MigrantsRroms-035.jpg \" alt=\"20111227-NoelPolitis62MigrantsRroms-035.jpg \" src=\"http:\/\/www.politis62.org\/politis62\/galeries-photos\/20111227-NoelPolitis62MigrantsRroms\/20111227-NoelPolitis62MigrantsRroms-035.jpg\" width=\"176\" height=\"132\" \/><p class=\"wp-caption-text\">dans le vestiaire des filles<\/p><\/div>\n<p>&nbsp;<\/p>\n<p>&nbsp;<\/p>\n<p>&nbsp;<\/p>\n<p>&nbsp;<\/p>\n<p>&nbsp;<\/p>\n<h2 style=\"text-align: center;\">Pendant la f\u00eate<\/h2>\n<p><img loading=\"lazy\" decoding=\"async\" class=\"alignleft\" title=\"20111227-NoelPolitis62MigrantsRroms-062.jpg \" alt=\"20111227-NoelPolitis62MigrantsRroms-062.jpg \" src=\"http:\/\/www.politis62.org\/politis62\/galeries-photos\/20111227-NoelPolitis62MigrantsRroms\/20111227-NoelPolitis62MigrantsRroms-062.jpg\" width=\"242\" height=\"323\" \/><\/p>\n<p><img loading=\"lazy\" decoding=\"async\" class=\"alignnone\" title=\"20111227-NoelPolitis62MigrantsRroms-095.jpg \" alt=\"20111227-NoelPolitis62MigrantsRroms-095.jpg \" src=\"http:\/\/www.politis62.org\/politis62\/galeries-photos\/20111227-NoelPolitis62MigrantsRroms\/20111227-NoelPolitis62MigrantsRroms-095.jpg\" width=\"358\" height=\"268\" \/><\/p>\n<p><img loading=\"lazy\" decoding=\"async\" title=\"20111227-NoelPolitis62MigrantsRromsC62-118.jpg \" alt=\"20111227-NoelPolitis62MigrantsRromsC62-118.jpg \" src=\"http:\/\/www.politis62.org\/politis62\/galeries-photos\/20111227-NoelPolitis62MigrantsRroms\/20111227-NoelPolitis62MigrantsRromsC62-118.jpg\" width=\"342\" height=\"312\" \/><img loading=\"lazy\" decoding=\"async\" title=\"20111227-NoelPolitis62MigrantsRromsC62-258.jpg \" alt=\"20111227-NoelPolitis62MigrantsRromsC62-258.jpg \" src=\"http:\/\/www.politis62.org\/politis62\/galeries-photos\/20111227-NoelPolitis62MigrantsRroms\/20111227-NoelPolitis62MigrantsRromsC62-258.jpg\" width=\"297\" height=\"222\" \/><\/p>\n<p><img loading=\"lazy\" decoding=\"async\" class=\"alignright\" title=\"20111227-NoelPolitis62MigrantsRromsC62-186.jpg \" alt=\"20111227-NoelPolitis62MigrantsRromsC62-186.jpg \" src=\"http:\/\/www.politis62.org\/politis62\/galeries-photos\/20111227-NoelPolitis62MigrantsRroms\/20111227-NoelPolitis62MigrantsRromsC62-186.jpg\" width=\"299\" height=\"224\" \/><\/p>\n<p>&nbsp;<\/p>\n<p>&nbsp;<\/p>\n<p>&nbsp;<\/p>\n<p>&nbsp;<\/p>\n<p>&nbsp;<\/p>\n<p>&nbsp;<\/p>\n<p><img loading=\"lazy\" decoding=\"async\" title=\"20111227-NoelPolitis62MigrantsRromsC62-295.jpg \" alt=\"20111227-NoelPolitis62MigrantsRromsC62-295.jpg \" src=\"http:\/\/www.politis62.org\/politis62\/galeries-photos\/20111227-NoelPolitis62MigrantsRroms\/20111227-NoelPolitis62MigrantsRromsC62-295.jpg\" width=\"196\" height=\"261\" \/><\/p>\n<p>&nbsp;<\/p>\n<p><img loading=\"lazy\" decoding=\"async\" class=\"alignright\" title=\"20111227-NoelPolitis62MigrantsRromsC62-264.jpg \" alt=\"20111227-NoelPolitis62MigrantsRromsC62-264.jpg \" src=\"http:\/\/www.politis62.org\/politis62\/galeries-photos\/20111227-NoelPolitis62MigrantsRroms\/20111227-NoelPolitis62MigrantsRromsC62-264.jpg\" width=\"301\" height=\"226\" \/><\/p>\n<p><img loading=\"lazy\" decoding=\"async\" class=\"alignleft\" title=\"20111227-NoelPolitis62MigrantsRromsC62-147.jpg \" alt=\"20111227-NoelPolitis62MigrantsRromsC62-147.jpg \" src=\"http:\/\/www.politis62.org\/politis62\/galeries-photos\/20111227-NoelPolitis62MigrantsRroms\/20111227-NoelPolitis62MigrantsRromsC62-147.jpg\" width=\"300\" height=\"224\" \/><\/p>\n","protected":false},"excerpt":{"rendered":"<p>D\u00e9cembre 2011 \u00c0 l&rsquo;initiative de diff\u00e9rentes organisations : le Collectif Fraternit\u00e9 Rroms, La Pastorale des Migrants, Politis 62, Enjeu, &#8230; Accueil pour des douches \u00e0 Avion, puis f\u00eate familiale \u00e0 M\u00e9ricourt, avec des habitants de la ville. Aux douches &nbsp; &hellip; <a href=\"https:\/\/rroms.bassinminier62.org\/site\/nos-actions\/noel-avec-les-rroms\/\">Continuer la lecture <span class=\"meta-nav\">&rarr;<\/span><\/a><\/p>\n","protected":false},"author":2,"featured_media":0,"parent":549,"menu_order":30,"comment_status":"closed","ping_status":"open","template":"","meta":{"ngg_post_thumbnail":0,"footnotes":""},"class_list":["post-583","page","type-page","status-publish","hentry"],"_links":{"self":[{"href":"https:\/\/rroms.bassinminier62.org\/site\/wp-json\/wp\/v2\/pages\/583","targetHints":{"allow":["GET"]}}],"collection":[{"href":"https:\/\/rroms.bassinminier62.org\/site\/wp-json\/wp\/v2\/pages"}],"about":[{"href":"https:\/\/rroms.bassinminier62.org\/site\/wp-json\/wp\/v2\/types\/page"}],"author":[{"embeddable":true,"href":"https:\/\/rroms.bassinminier62.org\/site\/wp-json\/wp\/v2\/users\/2"}],"replies":[{"embeddable":true,"href":"https:\/\/rroms.bassinminier62.org\/site\/wp-json\/wp\/v2\/comments?post=583"}],"version-history":[{"count":1,"href":"https:\/\/rroms.bassinminier62.org\/site\/wp-json\/wp\/v2\/pages\/583\/revisions"}],"predecessor-version":[{"id":584,"href":"https:\/\/rroms.bassinminier62.org\/site\/wp-json\/wp\/v2\/pages\/583\/revisions\/584"}],"up":[{"embeddable":true,"href":"https:\/\/rroms.bassinminier62.org\/site\/wp-json\/wp\/v2\/pages\/549"}],"wp:attachment":[{"href":"https:\/\/rroms.bassinminier62.org\/site\/wp-json\/wp\/v2\/media?parent=583"}],"curies":[{"name":"wp","href":"https:\/\/api.w.org\/{rel}","templated":true}]}}